test common divisor of 59 and 470289?
59
Calculate the highest common divisor of 7038 and 127006.
46
Calculate the highest common factor of 2831 and 27588.
19
What is the highest common factor of 1406 and 76?
38
Calculate the highest common factor of 362 and 155117.
181
Calculate the highest common divisor of 246155 and 1820.
455
What is the greatest common factor of 790 and 316316?
158
What is the highest common factor of 3696 and 122136?
168
What is the highest common factor of 3854082 and 861?
123
Calculate the greatest common divisor of 651 and 1218.
21
Calculate the greatest common factor of 185036 and 9972.
1108
Calculate the highest common divisor of 980379 and 2619.
873
Calculate the greatest common divisor of 3190 and 165.
55
Calculate the highest common divisor of 570 and 105906.
114
What is the highest common divisor of 1273968 and 270?
54
Calculate the highest common factor of 3751 and 627.
11
Calculate the greatest common divisor of 55 and 5615.
5
What is the greatest common factor of 432 and 516564?
108
Calculate the highest common divisor of 53739 and 36.
9
What is the highest common divisor of 1379 and 29353?
197
Calculate the greatest common divisor of 15326 and 2054.
158
What is the greatest common factor of 7005 and 9600?
15
Calculate the highest common factor of 49 and 24143.
7
What is the greatest common divisor of 108 and 182844?
108
What is the greatest common factor of 118017 and 6789?
93
What is the greatest common factor of 50357 and 111?
37
What is the greatest common divisor of 54724 and 8?
4
Calculate the highest common divisor of 19133 and 265.
53
Calculate the highest common divisor of 213465 and 1.
1
Calculate the greatest common divisor of 48 and 1837812.
12
Calculate the greatest common factor of 32544 and 1116.
36
Calculate the greatest common divisor of 792 and 5109984.
792
What is the greatest common factor of 9 and 362277?
9
What is the greatest common factor of 4788 and 87444?
252
Calculate the highest common divisor of 4704 and 75.
3
Calculate the highest common factor of 1243 and 85910.
11
What is the greatest common divisor of 261 and 38193?
87
Calculate the greatest common factor of 1825043 and 22.
11
What is the greatest common divisor of 475862 and 229?
229
What is the highest common divisor of 9145254 and 3006?
1002
Calculate the greatest common factor of 521237 and 51.
17
Calculate the highest common divisor of 249344 and 16.
16
What is the highest common factor of 5848 and 304784?
344
What is the greatest common divisor of 5104 and 2117?
29
What is the highest common divisor of 478560 and 1440?
480
What is the greatest common factor of 25811 and 26298?
487
Calculate the greatest common divisor of 133441 and 385.
77
What is the highest common divisor of 53265 and 48495?
795
Calculate the greatest common divisor of 48310 and 30.
10
What is the greatest common divisor of 42 and 89733?
21
Calculate the greatest common divisor of 304 and 62149.
19
Calculate the highest common divisor of 96 and 14192.
16
What is the highest common divisor of 158738 and 30834?
1142
Calculate the highest common factor of 217 and 371.
7
Calculate the highest common divisor of 11 and 2827.
11
Calculate the greatest common divisor of 487242 and 126.
126
Calculate the greatest common divisor of 97663 and 508.
127
Calculate the greatest common divisor of 420 and 6684.
12
Calculate the greatest common factor of 565482 and 2370.
474
What is the greatest common factor of 9 and 4869?
9
What is the greatest common factor of 28567 and 19943?
539
What is the highest common factor of 1305 and 311460?
435
Calculate the highest common divisor of 180 and 21726.
18
What is the highest common divisor of 567148 and 1420?
284
Calculate the greatest common divisor of 57984 and 1963.
151
Calculate the highest common divisor of 16261 and 56.
7
What is the highest common divisor of 158 and 131377?
79
Calculate the greatest common divisor of 14 and 452242.
14
What is the greatest common divisor of 271 and 689695?
271
What is the highest common divisor of 39616 and 256?
64
What is the highest common divisor of 3951 and 206330?
439
Calculate the greatest common factor of 121 and 27929.
11
What is the greatest common divisor of 50706 and 61348?
626
Calculate the highest common divisor of 6088459 and 533.
533
Calculate the greatest common factor of 8673 and 4263.
147
What is the greatest common factor of 2812 and 35779?
37
What is the greatest common factor of 7979 and 3939?
101
Calculate the highest common factor of 1333 and 4257.
43
Calculate the highest common factor of 23425 and 75.
25
Calculate the highest common divisor of 684 and 2421.
9
Calculate the highest common divisor of 171 and 779.
19
Calculate the greatest common factor of 284437 and 1234.
617
What is the highest common divisor of 648836 and 4?
4
What is the highest common factor of 173873 and 421?
421
What is the greatest common divisor of 13464 and 3?
3
What is the greatest common factor of 8155 and 3?
1
What is the greatest common divisor of 21109 and 1159076?
1919
Calculate the greatest common divisor of 15030459 and 423.
423
What is the highest common factor of 902 and 5939670?
902
Calculate the greatest common divisor of 74 and 63122.
74
What is the greatest common divisor of 1656641 and 49?
49
What is the highest common factor of 3078 and 2724?
6
Calculate the greatest common divisor of 3993 and 9537.
33
Calculate the greatest common factor of 780732 and 252.
36
What is the highest common factor of 30 and 1003095?
15
Calculate the highest common divisor of 588 and 64876.
196
What is the highest common factor of 28971 and 1?
1
What is the highest common factor of 172 and 46888?
4
Calculate the greatest common factor of 8704 and 68.
68
What is the highest common divisor of 316971 and 369?
369
What is the highest common divisor of 156 and 7670676?
156
What is the greatest common divisor of 44010 and 652?
326
What is the highest common divisor of 104 and 175162?
26
What is the greatest common factor of 111 and 24161?
37
Calculate the greatest common divisor of 351063 and 114.
57
What is the highest common factor of 7055 and 40732?
17
What is the highest common divisor of 1502820 and 4?
4
What is the highest common factor of 26572 and 637?
91
Calculate the greatest common factor of 17546 and 372.
62
What is the highest common divisor of 16955470 and 490?
490
Calculate the highest common divisor of 3568 and 2578772.
892
Calculate the greatest common divisor of 234 and 279526.
26
What is the highest common divisor of 17882 and 4?
2
What is the greatest common divisor of 98267 and 325?
13
Calculate the greatest common divisor of 2358075 and 1725.
1725
Calculate the highest common divisor of 293981 and 34.
17
Calculate the greatest common factor of 90909 and 148.
37
Calculate the highest common divisor of 5756221 and 19.
19
Calculate the highest common factor of 9362 and 216987.
151
Calculate the greatest common factor of 2419904 and 12.
4
What is the highest common factor of 17424 and 384?
48
Calculate the highest common factor of 9 and 10641.
3
Calculate the greatest common divisor of 4263 and 1911.
147
Calculate the highest common divisor of 26714 and 1026.
38
Calculate the greatest common divisor of 10 and 2713.
1
Calculate the highest common factor of 113191 and 78.
13
Calculate the greatest common divisor of 12 and 628.
4
What is the highest common divisor of 1769 and 732?
61
Calculate the highest common divisor of 1349624 and 365.
73
Calculate the highest common divisor of 84626 and 19.
19
What is the highest common factor of 11983 and 108368?
521
Calculate the highest common factor of 163145 and 5357.
487
Calculate the highest common factor of 560 and 49000.
280
Calculate the greatest common divisor of 27260 and 8695.
235
Calculate the highest common divisor of 26117 and 451.
41
What is the greatest common divisor of 207990 and 36?
18
Calculate the greatest common divisor of 42662 and 45746.
514
What is the highest common factor of 6420 and 950?
10
What is the greatest common factor of 4992 and 6784?
128
Calculate the greatest common factor of 1520 and 920.
40
Calculate the greatest common divisor of 142506 and 672.
42
What is the greatest common factor of 545 and 200342?
